q)/((-3)/12) composite?
False
Suppose 0 = 3*o + 5*n - 32, 10 = -5*o + n + 26. Suppose 5*u - o*p = 34709, 14*p + 27759 = 4*u + 19*p. Is u a prime number?
False
Let v be ((-11)/(-33))/((-1)/(-171777)). Suppose -8*o - 5715 + v = 0. Is o composite?
True
Let d = 584222 - 90699. Is d a composite number?
False
Suppose 27*y = -18235 + 141328. Is y prime?
False
Let z(b) = 245*b + 156. Let f = -143 - -148. Is z(f) a prime number?
True
Suppose -2*o - 16 = -4*p + 8, 4*o = 4*p - 36. Let z be (-6)/o*(3 - 0). Suppose -2*k = -4*k + 5*x + 521, -5*x = -z*k + 774. Is k a composite number?
True
Suppose -1782 + 5348 = 2*r. Let x be 1 - 40/25 - r/(-5). Suppose -i + 3*i - x = -2*k, -5*k - 5 = 0. Is i composite?
False
Let s(j) = 332*j**2 + 19*j + 559. Is s(-18) a prime number?
False
Let u(r) = r**2 - 3*r - 9. Let l be u(-3). Suppose 0 = -2*i + l - 3. Suppose 914 = s - 3*j, 4*s - i*j - 3656 = -j. Is s a composite number?
True
Suppose -51*z - 3407448 = -75*z. Is z composite?
True
Let f = 547168 + -310775. Is f a composite number?
True
Suppose -12*o - 268 = -220. Is 6814/6*(-12)/o a prime number?
True
Let p be ((-5)/2 - -3)/(1/776). Let z = 727 - p. Is z prime?
False
Let b be -6 - (-5)/(-10)*-6. Is (-672)/(-128)*(-212)/b composite?
True
Let j(o) = 696*o - 1 - 110*o + 553*o. Let a be (-41)/369 - (-20)/18. Is j(a) a prime number?
False
Suppose 0 = 25*x - 21*x - 29032. Suppose p - 3*i - 2441 = 0, -4*i - x - 55 = -3*p. Is p composite?
True
Let o(d) be the third derivative of 693*d**4/8 - 101*d**3/6 + 109*d**2. Is o(6) prime?
True
Let l = 152 - 155. Is (-1 + (l - -3117))*4/4 composite?
True
Let v be (-15)/(-6)*12/(-10). Let p be (4/(-6))/(2/3) - v. Suppose -4*f - 3*g - 1169 + 3046 = 0, p*f + 3*g = 943. Is f composite?
False
Suppose -37*n = -30*n - 448. Let f be (18/(-12))/(3/n). Is ((-20)/f*2)/(2/1528) a composite number?
True
Suppose 2*d + d - 3*l = 6, 2*d + 5*l - 4 = 0. Suppose 0 = -3*v, 0*z = -d*z - 5*v - 1118. Let a = -308 - z. Is a composite?
False
Let v be 4/(-1) - (2 - -30). Let s = 73 + v. Let x = s - -52. Is x a composite number?
False
Let f be (30*1)/((-15)/(-10)). Let q = 20 - f. Suppose 3*u - 28 + 7 = q. Is u a composite number?
False
Suppose -22 = -3*w + d - 2*d, 2*w - 3*d = 0. Suppose -8697 = -w*v + 3*v. Is v composite?
True
Let c(m) = 65217*m + 266. Is c(5) composite?
False
Let i = -6 - -12. Suppose i*z - 8 + 8 = 0. Suppose -3*m = -4*t - 1317 - 2090, m + 3*t - 1153 = z. Is m prime?
False
Suppose -92*j = -93*j + 5. Suppose 15616 = 4*g - j*w, -1783 = -g + 4*w + 2132. Is g prime?
False
Let v(s) be the second derivative of -s**5/20 + 3*s**4/2 + 19*s**3/6 - s**2/2 + 73*s. Is v(14) a prime number?
True
Suppose -4*n - 2*z = -323000, -330996 = 11*n - 2*z - 1219291. Is n a prime number?
False
Let l(o) = -10255*o + 2491. Is l(-12) composite?
False
Let s(a) = a**2 + 3*a - 2. Let n be s(-4). Let p be (n/8*11166)/((-3)/(-6)). Is 5/((-50)/(-4)) + p/5 a prime number?
True
Suppose 100*p - 36*p - 145746 = -59410. Is p a prime number?
False
Suppose 17*h = 48848 + 68802 - 38719. Is h a composite number?
False
Suppose 97*u = -115*u + 52268 + 160368. Suppose -5*v + 2670 = -2*v. Let t = u + v. Is t a composite number?
True
Let j = -1550 + 896. Let b be j*(-1 + (-2)/(-4)). Let f = 574 - b. Is f composite?
True
Let k(r) = 214*r - 1436. Let m be k(6). Let i be ((-5)/2 + 2)*58. Let x = i - m. Is x prime?
False
Suppose 3*p - 2 = -8. Suppose -17*r - 28 = -21*r. Is (-523 + -3)*r*p/4 a composite number?
True
Let y be (3834/(-15))/(-6) - 2/(-5). Let n(z) = -6 + y*z + 20*z - 43*z - 5*z**2 + 14*z**2. Is n(-19) a prime number?
False
Suppose f - 4*n - 58 = 0, -n + 0*n = 5*f - 227. Suppose 0 = f*c - 64*c + 45558. Is c composite?
False
Let n = 1002 - 527. Let j = 390 + n. Is j a composite number?
True
Suppose 0 = 3*y - 4*u - 101325, 0*u = -4*y + 3*u + 135093. Let o = y + -22174. Is o composite?
False
Let q = 818 + -58. Let u be -1*22*(-248)/16. Let g = u + q. Is g prime?
False
Let b(q) = q**2 - 7*q + 6. Let m be b(6). Let k = 159 + -159. Is (m - 1)*1*(-211 + k) prime?
True
Suppose -18*j = 3*j - 45066. Suppose 3*c - j = c. Is c composite?
True
Is (70985/(-3))/5*(-153)/51 a composite number?
False
Let r(x) = 1883*x + 1318. Is r(11) a prime number?
True
Suppose 0 = 4*x + 3*k + 24, x = 5*k - 3 - 26. Let u(q) = -2*q**3 - 11*q**2 + 16*q - 30. Is u(x) composite?
True
Let a = 1476 - -3329. Let j = a + -2931. Is j prime?
False
Suppose -29*d + 41*d = -24. Is ((-485)/d)/((-76)/8 - -10) prime?
False
Suppose 0 = n + s + s + 3028, -2*n + s = 6036. Let k = n - -12987. Is k a prime number?
True
Let q be -1*(0 - -1)*(2 - 39). Let w = -33 + q. Suppose 5*y + 5 = 0, 2*t + y = w*t - 543. Is t composite?
False
Let m(u) = -19935*u - 1127. Is m(-24) prime?
True
Let u = 108377 + 570918. Is u a prime number?
False
Let t = 53 + -47. Let g = -3 + t. Suppose 298 = q - 0*q - g*y, 0 = -q + 2*y + 301. Is q composite?
False
Suppose -2*x = 3*p + 13605, -3 = -3*p - 12. Let a = 6436 + -11017. Let t = a - x. Is t a composite number?
True
Let s(y) = y**3 + 3*y**2 - 4*y - 2. Let r be s(-2). Is r/45*9 - -8483 a composite number?
True
Suppose -3*v + 9324 = -6216. Suppose 0*w + v = 5*w. Suppose -2*z + w = 2*z. Is z a composite number?
True
Is (50593374/1521)/((-2)/(-13)) composite?
False
Let a = -419343 + 703966. Is a prime?
True
Let t be 6/(-33) + 113753/11. Is t/(-12)*(-8)/(-12)*-2 a prime number?
False
Suppose -o - 3*x - x = -14224, 5*x = -3*o + 42658. Let h = o - 8835. Is h a composite number?
False
Let q(b) = -b**3 - 3*b**2 + 3*b - 6. Let u be q(-4). Is ((-2049)/(-12))/(3/36) - u a prime number?
False
Let m(i) = -i - 15. Let t be m(-17). Suppose 3*k + t*k = 6595. Is k composite?
False
Let w(j) = 7344*j**2 - 110*j - 11. Is w(9) prime?
True
Is (-210)/(-315)*(-51054)/(-4) prime?
False
Let s(p) be the third derivative of p**6/120 + p**5/12 - p**4/12 + 10133*p**3/6 - p**2 + 27*p. Is s(0) composite?
False
Suppose 3*n - 5*a = 15443, -n + 468 + 4673 = -3*a. Let z = -2719 + n. Is z composite?
False
Suppose -2*x + 53 - 51 = 0. Suppose -5*a + 71 - x = 0. Is ((-5596)/(-5))/((-5)/((-175)/a)) a prime number?
False
Suppose -10 = -29*q + 24*q. Suppose 0 = -2*z - 5*p - 10, q*p + 20 = -4*z - 0*p. Let d = z - -63. Is d a composite number?
True
Let u(r) = 48*r**2 - 4*r - 9. Let n = 15 - 12. Is u(n) a composite number?
True
Let o be (-5)/7 + (-5160)/(-168). Suppose 14*r + o*r - 179212 = 0. Is r prime?
True
Is (-394914 + (-15)/(-6) + 20/8)*-1 composite?
True
Suppose 5*f = 15*g - 12*g - 28266, -2*f = 3*g + 11319. Let q = 9782 + f. Is q a composite number?
False
Suppose -16*s + 12*s - 244 = 0. Let u = -56 - s. Suppose -6414 = -u*x - f, 4*f - 2923 = 5*x - 9342. Is x a composite number?
False
Suppose -21437 = q - 4833. Let h = -7125 - q. Is h a prime number?
True
Let l = 6882 - 4063. Is l a composite number?
False
Is (-6)/(-16) - 49901215/(-280) composite?
True
Let b(u) = 6*u**2 + 17*u + 46. Suppose 0 = 5*p - a - 255, 0*a = -a + 5. Let j = -77 + p. Is b(j) prime?
True
Let i = 290 + 91. Suppose -175*m = -172*m - i. Suppose -5*y = 2*a - 1835, y - 783 = -a + m. Is a a prime number?
False
Suppose -182*h = -267561328 - 119664966. Is h composite?
False
Let c = 852212 + -439609. Is c prime?
True
Suppose -22*z + 4*q = -18*z - 282848, 212130 = 3*z - q. Is z a composite number?
False
Let p = 80 + -76. Suppose 4*h = -p*l + 6876, -6501 - 405 = -4*h + 2*l. Let j = h + -1183. Is j a composite number?
False
Let n(l) = 66*l**2 + 5*l - 4. Suppose -3 = -4*h + 5*h. Let w be n(h). Suppose -1389 = -4*o + w. Is o composite?
False
Let o(x) be the first derivative of -29*x**4/4 - 7*x**3/3 - 3*x**2 - 7*x + 44. Let y be o(-4). Suppose 5*q + y = 10316. Is q a prime number?
False
Suppose 2*l - 15 - 3 = 0. Let m be (((-5802)/l)/(-2))/(3/(-18)). Let s = m - -3373. Is s a prime number?
True
Suppose 3390 = i - 16*j + 19*j, 2*i - j - 6773 = 0. Let q = i - -940. Is q composite?
False
Let c be (-2)/((4 + 3)/(-7)). Suppose o - 4 = c*o, -3*l - 4*o + 36035 = 0. Is l prime?
False
Let n(w) = 26*w**2 - 77*w - 158. Let p(y) = -8*y**2 + 26*y + 53. Let m(f) = -2*n(f) - 7*p(f). Is m(-13) a composite number?
True
Suppose -2*h = -4*c + 106, -3*c - 9*h + 5*h + 63 = 0. Let z = -20 + c. Suppose 0 = -z*f - 20, -4*f - f = -2*w + 40. Is w composite?
True
Let m = -62 - -151. Let x = m + -83. Suppose -x*d +